ns digit of 1873?
7
What is the tens digit of 82686?
8
What is the hundreds digit of 12268?
2
What is the units digit of 2009?
9
What is the hundreds digit of 25428?
4
What is the thousands digit of 4495?
4
What is the thousands digit of 17913?
7
What is the thousands digit of 11522?
1
What is the thousands digit of 4255?
4
What is the hundreds digit of 9724?
7
What is the units digit of 126?
6
What is the units digit of 794?
4
What is the units digit of 2810?
0
What is the tens digit of 7680?
8
What is the thousands digit of 4513?
4
What is the tens digit of 7863?
6
What is the hundreds digit of 1573?
5
What is the tens digit of 3436?
3
What is the thousands digit of 8692?
8
What is the ten thousands digit of 14713?
1
What is the tens digit of 2656?
5
What is the thousands digit of 13564?
3
What is the units digit of 9318?
8
What is the tens digit of 22815?
1
What is the tens digit of 3953?
5
What is the units digit of 41293?
3
What is the hundreds digit of 1348?
3
What is the ten thousands digit of 31209?
3
What is the units digit of 20772?
2
What is the ten thousands digit of 36853?
3
What is the tens digit of 43578?
7
What is the tens digit of 83762?
6
What is the tens digit of 472?
7
What is the units digit of 74227?
7
What is the ten thousands digit of 21736?
2
What is the hundreds digit of 652?
6
What is the tens digit of 13346?
4
What is the thousands digit of 4225?
4
What is the hundreds digit of 1060?
0
What is the tens digit of 71?
7
What is the hundreds digit of 651?
6
What is the tens digit of 126?
2
What is the ten thousands digit of 25671?
2
What is the tens digit of 108637?
3
What is the tens digit of 954?
5
What is the thousands digit of 151634?
1
What is the tens digit of 105781?
8
What is the units digit of 3883?
3
What is the thousands digit of 9961?
9
What is the units digit of 71?
1
What is the ten thousands digit of 91037?
9
What is the hundreds digit of 4322?
3
What is the ten thousands digit of 10807?
1
What is the tens digit of 1369?
6
What is the units digit of 2436?
6
What is the units digit of 90803?
3
What is the units digit of 526?
6
What is the tens digit of 9102?
0
What is the tens digit of 5598?
9
What is the thousands digit of 11428?
1
What is the units digit of 5340?
0
What is the units digit of 28394?
4
What is the hundreds digit of 13976?
9
What is the thousands digit of 1629?
1
What is the tens digit of 103736?
3
What is the ten thousands digit of 10209?
1
What is the thousands digit of 17721?
7
What is the thousands digit of 24254?
4
What is the units digit of 40697?
7
What is the hundreds digit of 907?
9
What is the tens digit of 16?
1
What is the hundred thousands digit of 190777?
1
What is the tens digit of 357?
5
What is the hundreds digit of 2859?
8
What is the thousands digit of 65608?
5
What is the units digit of 27915?
5
What is the hundreds digit of 15299?
2
What is the ten thousands digit of 42247?
4
What is the hundreds digit of 108849?
8
What is the units digit of 6636?
6
What is the units digit of 1720?
0
What is the units digit of 6031?
1
What is the tens digit of 13251?
5
What is the units digit of 1380?
0
What is the hundreds digit of 8457?
4
What is the units digit of 62551?
1
What is the thousands digit of 5218?
5
What is the tens digit of 51457?
5
What is the units digit of 1069?
9
What is the hundreds digit of 46320?
3
What is the hundreds digit of 340?
3
What is the hundreds digit of 2780?
7
What is the units digit of 5127?
7
What is the units digit of 1055?
5
What is the units digit of 2725?
5
What is the tens digit of 80645?
4
What is the thousands digit of 9457?
9
What is the ten thousands digit of 11454?
1
What is the tens digit of 686?
8
What is the units digit of 131184?
4
What is the units digit of 1811?
1
What is the tens digit of 4789?
8
What is the tens digit of 427?
2
What is the tens digit of 2060?
6
What is the tens digit of 5091?
9
What is the tens digit of 3599?
9
What is the units digit of 1400?
0
What is the tens digit of 2225?
2
What is the units digit of 3766?
6
What is the thousands digit of 21668?
1
What is the tens digit of 112672?
7
What is the hundreds digit of 2726?
7
What is the ten thousands digit of 33359?
3
What is the units digit of 6117?
7
What is the hundreds digit of 1147?
1
What is the hundreds digit of 3815?
8
What is the tens digit of 2161?
6
What is the tens digit of 3202?
0
What is the units digit of 7982?
2
What is the tens digit of 57?
5
What is the thousands digit of 1455?
1
What is the tens digit of 624?
2
What is the thousands digit of 37828?
7
What is the units digit of 25392?
2
What is the thousands digit of 4962?
4
What is the thousands digit of 6720?
6
What is the tens digit of 4763?
6
What is the thousands digit of 25225?
5
What is the hundreds digit of 52514?
5
What is the units digit of 51853?
3
What is the units digit of 489?
9
What is the ten thousands digit of 11673?
1
What is the hundreds digit of 12996?
9
What is the ten thousands digit of 13186?
1
What is the units digit of 19763?
3
What is the hundreds digit of 65069?
0
What is the tens digit of 414?
1
What is the units digit of 928?
8
What is the units digit of 3897?
7
What is the tens digit of 1248?
4
What is the hundreds digit of 134?
1
What is the units digit of 3187?
7
What is the units digit of 5383?
3
What is the hundreds digit of 7849?
8
What is the units digit of 113394?
4
What is the hundreds digit of 917?
9
What is the thousands digit of 3953?
3
What is the units digit of 2054?
4
What is the units digit of 7126?
6
What is the thousands digit of 3193?
3
What is the tens digit of 121?
2
What is the units digit of 15342?
2
What is the tens digit of 9141?
4
What is the ten thousands digit of 17946?
1
What is the units digit of 31?
1
What is the tens digit of 1531?
3
What is the thousands digit of 2839?
2
What is the hundreds digit of 745?
7
What is the hundreds digit of 632?
6
What is the units digit of 2581?
1
What is the tens digit of 2462?
6
What is the hundreds digit of 11344?
3
What is the hundreds digit of 126077?
0
What is the units digit of 11526?
6
What is the units digit of 832?
2
What is the tens digit of 28474?
7
What is the tens digit of 5539?
3
What is the tens digit of 1296?
9
What is the thousands digit of 1128?
1
What is the hundreds digit of 674?
6
What is the units digit of 15701?
1
What is the thousands digit of 1214?
1
What is the ten thousands digit of 28887?
2
What is the hundred thousands digit of 158725?
1
What is the thousands digit of 1031?
1
What is the thousands digit of 2413?
2
What is the tens digit of 4448?
4
What is the tens digit of 1182?
8
What is the hundreds digit of 197?
1
What is the tens digit of 526?
2
What is the units digit of 16996?
6
What is the tens digit of 779?
7
What is the tens digit of 1298?
9
What is the units digit of 3?
3
What is the tens digit of 9674?
7
What is the thousands digit of 4094?
4
What is the thousands digit of 9774?
9
What is the units digit of 8024?
4
What is the thousands digit of 2312?
2
What is the tens digit of 11491?
9
What is the tens digit of 704?
0
What is the hundreds digit of 50372?
3
What is the thousands digit of 1133?
1
What is the hundred thousands digit of 123369?
1
What is the hundreds digit of 31885?
8
What is the units digit of 12019?
9
What is the thousands digit of 4084?
4
What is the thousands digit of 2616?
2
What is the ten thousands digit of 10513?
1
What is the hundreds digit of 96759?
7
What is the hundreds digit of 375?
3
What is the thousands digit of 34612?
4
What is the hundreds digit of 87473?
4
What is the units digit of 1474?
4
What is the thousands digit of 36829?
6
What is the ten thousands digit of 100349?
0
What is the hundreds digit of 354?
3
What is the units digit of 2710?
0
What is the thousands digit of 17361?
7
What is the thousands digit of 3937?
3
What is the hundreds digit of 1731?
7
What is the thousands digit of 5883?
5
What is the thousands digit of 3722?
3
What is the hundreds digit of 22631?
6
What is the units digit of 575?
5
What is the units digit of 2842?
2
What is the hundreds digit of 2054?
0
What is the hundreds digit of 2727?
7
What is the units digit of 742?
2
What is the units digit of 13018?
8
What is the units digit of 6340?
0
What is t